mon divisor of 6822 and 666.
18
What is the greatest common factor of 21165 and 408?
51
Calculate the highest common divisor of 6275 and 425.
25
Calculate the greatest common factor of 13239 and 6291.
9
What is the highest common divisor of 20 and 270950?
10
Calculate the highest common divisor of 799 and 1136554.
47
What is the greatest common factor of 11811 and 279?
93
What is the greatest common divisor of 93 and 413013?
93
What is the highest common factor of 15 and 3161595?
15
Calculate the greatest common factor of 1396038 and 5418.
1806
Calculate the greatest common divisor of 34 and 309502.
34
Calculate the highest common factor of 476 and 1166557.
119
Calculate the greatest common divisor of 8192 and 896.
128
What is the greatest common factor of 1531485 and 135?
45
What is the greatest common factor of 20 and 82036?
4
What is the highest common divisor of 1994 and 4437647?
997
What is the highest common divisor of 40 and 3867100?
20
Calculate the highest common divisor of 149406 and 666.
222
Calculate the highest common divisor of 17090333 and 1261.
1261
What is the highest common factor of 414 and 238671?
207
What is the highest common divisor of 1318 and 4087777?
659
What is the greatest common factor of 14127 and 153?
51
Calculate the greatest common factor of 33909 and 762.
381
Calculate the greatest common factor of 28900 and 1600.
100
Calculate the highest common divisor of 12 and 95328.
12
Calculate the highest common divisor of 9654365 and 895.
895
What is the greatest common divisor of 1280 and 3892?
4
What is the greatest common divisor of 3094246 and 106?
106
What is the greatest common divisor of 876 and 95508?
12
Calculate the greatest common factor of 472 and 9302648.
472
What is the greatest common divisor of 2275 and 355550?
325
Calculate the greatest common factor of 272038 and 78.
26
What is the greatest common divisor of 450609 and 12?
3
Calculate the highest common factor of 31824 and 50184.
1224
Calculate the highest common factor of 171 and 211983.
57
What is the highest common divisor of 66 and 62418?
6
What is the highest common divisor of 445 and 811235?
445
What is the highest common divisor of 1755 and 756810?
135
Calculate the greatest common factor of 190 and 2410.
10
Calculate the highest common divisor of 99444 and 192.
12
What is the greatest common factor of 28875 and 627?
33
What is the highest common divisor of 1944 and 4131?
243
Calculate the highest common factor of 3318 and 24.
6
What is the greatest common divisor of 4136 and 496?
8
Calculate the highest common factor of 571 and 571.
571
What is the highest common factor of 489860 and 30?
10
What is the greatest common factor of 567798 and 1155?
231
What is the highest common factor of 260 and 525330?
130
Calculate the highest common divisor of 28577 and 19516.
697
What is the greatest common divisor of 1795 and 145?
5
Calculate the greatest common factor of 69207 and 12121.
391
What is the highest common divisor of 7154 and 1078?
98
What is the highest common factor of 5252 and 1378?
26
What is the highest common divisor of 188556 and 228?
228
What is the greatest common divisor of 162444 and 12?
12
What is the greatest common factor of 1331169 and 42?
21
Calculate the greatest common divisor of 19915 and 15.
5
Calculate the greatest common factor of 4146 and 36.
6
Calculate the highest common divisor of 48284 and 488.
4
Calculate the highest common factor of 98910 and 4410.
630
What is the highest common divisor of 24 and 8744?
8
Calculate the greatest common divisor of 83952 and 468.
36
Calculate the greatest common factor of 1486751 and 329.
329
What is the greatest common factor of 12988 and 340?
68
Calculate the greatest common divisor of 38 and 17174746.
38
Calculate the highest common divisor of 924950 and 50.
50
Calculate the highest common factor of 8517 and 1734.
51
What is the highest common factor of 64170 and 180?
90
What is the greatest common factor of 4116 and 1428?
84
Calculate the highest common divisor of 26670 and 15.
15
Calculate the greatest common factor of 60912 and 30033.
423
What is the greatest common divisor of 1057687 and 1207?
71
What is the highest common factor of 2083355 and 62?
31
Calculate the greatest common divisor of 219370 and 35.
5
Calculate the greatest common divisor of 36 and 195000.
12
What is the highest common factor of 87 and 37033?
29
Calculate the highest common factor of 5044 and 30888.
52
What is the greatest common factor of 976700 and 75?
25
Calculate the highest common divisor of 264 and 32769.
33
What is the greatest common factor of 125 and 63425?
25
What is the greatest common factor of 845 and 114413?
169
What is the greatest common factor of 581679 and 441?
441
What is the greatest common divisor of 194363 and 26?
13
What is the highest common factor of 7 and 149?
1
What is the highest common factor of 44968 and 56?
56
Calculate the highest common factor of 418 and 38940.
22
What is the highest common divisor of 1139576 and 5068?
724
Calculate the highest common factor of 3017 and 917.
7
Calculate the highest common factor of 98 and 574.
14
What is the highest common divisor of 16390 and 66?
22
Calculate the greatest common factor of 7851408 and 456.
456
What is the highest common factor of 138 and 515982?
138
Calculate the highest common divisor of 1642 and 22167.
821
What is the highest common factor of 22506 and 3036?
66
Calculate the greatest common divisor of 1088 and 38720.
64
Calculate the greatest common divisor of 39 and 2576574.
39
What is the highest common divisor of 1197 and 816867?
171
Calculate the greatest common factor of 308 and 18128.
44
Calculate the greatest common divisor of 110533 and 1.
1
Calculate the highest common factor of 443 and 2804633.
443
What is the greatest common factor of 2 and 73442?
2
Calculate the greatest common divisor of 16 and 117720.
8
Calculate the highest common factor of 2097 and 99.
9
What is the highest common factor of 4532608 and 119?
17
Calculate the greatest common factor of 13668 and 3672.
204
Calculate the greatest common divisor of 322 and 265236.
46
Calculate the greatest common factor of 68860 and 160.
20
Calculate the highest common divisor of 27 and 15588.
9
What is the highest common factor of 6498572 and 692?
692
What is the greatest common factor of 2152 and 220?
4
What is the highest common factor of 137694 and 2332?
106
What is the greatest common factor of 105042 and 328?
82
What is the highest common divisor of 109330 and 2755?
145
What is the highest common divisor of 21003 and 111?
3
What is the greatest common divisor of 2624 and 40836?
164
What is the greatest common divisor of 45 and 49635?
45
Calculate the greatest common factor of 56313 and 18.
9
Calculate the greatest common divisor of 534736 and 2736.
304
Calculate the highest common divisor of 7874 and 2294.
62
What is the highest common divisor of 348 and 157464?
12
Calculate the greatest common factor of 42975 and 4584.
573
What is the highest common factor of 660 and 14980?
20
What is the greatest common factor of 144018 and 4064?
254
What is the greatest common factor of 269739 and 102?
51
What is the highest common factor of 65 and 11414?
13
Calculate the highest common factor of 35 and 288085.
35
What is the greatest common factor of 1037400 and 60?
60
Calculate the highest common factor of 49107 and 6.
3
Calculate the highest common factor of 20629 and 4210.
421
Calculate the greatest common divisor of 4531 and 4393.
23
What is the highest common divisor of 462 and 1310736?
42
Calculate the highest common divisor of 410616 and 144.
72
What is the highest common factor of 3243 and 10764?
69
Calculate the greatest common divisor of 296 and 90650.
74
Calculate the highest common factor of 218 and 326346.
218
Calculate the highest common divisor of 1 and 44871.
1
Calculate the greatest common divisor of 56 and 3169432.
56
What is the highest common divisor of 4012 and 3536?
68
What is the highest common factor of 1396080 and 1385?
1385
What is the highest common factor of 118164 and 687?
687
What is the greatest common factor of 204 and 1017008?
68
Calculate the highest common factor of 860 and 224632.
172
What is the highest common divisor of 7 and 2